- 7)?
38
Calculate -63 - (21 + 74 + -140).
-18
What is the value of -5 - (5 - 5) - 67 - (7 + -6 + 12)?
-85
What is 1 - (40 + -44 + 2 + (-1 - -67)) - 4?
-67
Evaluate (57 - 64) + 45 + -14.
24
What is -19 - (-68 - (-27 - -18 - 3))?
37
(14 - -7) + (6 - 32)
-5
What is 2 + -6 - (-29 - (1 + -2)) - (-42 + 51)?
15
Evaluate 8 + -4 + -5 + (10 - 0) + (-7 - -10).
12
What is -8 - (2 - (-1 + -3 + -5 + 15))?
-4
What is the value of 15 - (-110 - -139) - -116?
102
What is (-200 - -215) + (-25 - -4) + (-17 - 2)?
-25
Calculate 97 - 24 - (-224 - -434).
-137
What is the value of 53 + 34 + -94 + 88?
81
Calculate -65 - (69 + -40 - 6).
-88
(35 - -70 - 63 - 32) + (29 - 0)
39
Evaluate -1 + 18 - (-10 + 66 - 33).
-6
What is (114 - 107 - (18 - 2)) + (18 - 1)?
8
Calculate 3 + 57 - (17 - (15 + -1)) - 12.
45
What is the value of -3 + 2 - 24 - (-140 + (225 - 61))?
-49
What is (27 - 8) + (0 - (16 - (-18 + 21)))?
6
Evaluate -58 - -5 - (-4 - 36).
-13
85 + (21 - (23 - 15)) + -28
70
Calculate -52 - (-32 + 41) - -31.
-30
Evaluate 183 + -114 + -25 + -6 + -2.
36
(-71 + 41 - (-20 - 33)) + (0 - -37)
60
What is 0 + 3 + -8 - (-11 + 22) - (-12 - 65)?
61
Calculate 12 - (23 + -28 + 19 - 2).
0
Calculate (-8 - (-61 - (-10 + 5 - -7))) + (18 - 16).
57
Evaluate (3 - (2 + 41)) + -8 + (1 - -5).
-42
(163 - 157) + (55 + -6 + (-3 - 1) - 3)
48
Evaluate -35 + (-60 + 14 - -56).
-25
What is 117 + -47 - 43 - (-2 + 51)?
-22
-12 - (24 + -30 + 42)
-48
What is the value of (2 - 1 - 0) + -17 + (-2 - (67 + 21))?
-106
What is the value of -58 + (54 - 23) + -31 + 8?
-50
Evaluate (-45 - (32 - (48 + -56))) + 16.
-69
What is the value of -84 + (49 - (41 + -67))?
-9
26 - (57 + -45) - (6 + -3)
11
What is 44 + (-9 - 102) + 18?
-49
What is the value of 15 - 92 - (-49 - (5 + -33))?
-56
What is (-126 - -300) + -37 + -89?
48
-9 + (-12 - -12) + 16 + (-61 - -6)
-48
13 - (31 + (-76 - -41))
17
What is -30 + 13 + -24 + 6 + -15?
-50
What is the value of 34 + -41 + (3 - (6 - 9) - 0) - 20?
-21
(20 - 35 - -3) + (-5 - (6 + -2 + -24))
3
What is the value of (-5617 - -5623) + (0 - 1 - 1 - 2)?
2
Evaluate 2 + 8 + (74 - 79) - 10.
-5
What is the value of (3 + -2 + 1 - -12) + (107 - 73)?
48
Evaluate (-21 - -53) + -91 + 91 + -75.
-43
Calculate -1 + 34 + -88 + (0 - -18).
-37
(-1 - -28) + (10 - 44) + -31 + 56
18
What is 98 - ((-13 + 0 - (-266 + 248)) + 14)?
79
What is the value of 15 + -9 + -2 + 21 - (3 - -8)?
14
Calculate -31 + 36 + -36 + (-43 - 11).
-85
-37 - (0 + 6) - ((8 + 3 - 2) + -10)
-42
(31 - 56 - 97) + 1
-121
7 + (41 - (-34 - 29) - (0 - (7 + 0)))
118
What is 10 - (-109 + 0 + (24 - (31 + -11))) - 14?
101
Evaluate (-31 - (58 - 241)) + -84.
68
Evaluate -9 + -32 - (-118 - -104).
-27
Calculate 22 - (-3 - -2) - ((-70 - -68) + -2).
27
(-3 - ((1 - -2) + 1)) + -1598 + 1596
-9
What is 17 + -39 + 20 + -12 - -51?
37
What is the value of -79 + (40 - -40) - (4 - -29)?
-32
Evaluate -75 - (63 - 127) - -55.
44
What is -29 - (21 + -25 - 57)?
32
Calculate (-24 - 4) + (59 - 6 - 50).
-25
-4 + (-60 - 3) + 3 - (294 + -290)
-68
Evaluate 9 - (29 + (19 - 10) + 4 + -4 - -4).
-33
What is the value of (41 - (-5 - -79)) + 92?
59
Evaluate (2 - (-17 + 21 + 6)) + -9.
-17
6 + -2 + 2 - (-9 - (29 + -6) - -61)
-23
(-22 - (-6 + -5)) + (-1 - 7 - (-3 - -4))
-20
31 + -3 + (-80 - 0) - (1 - 18)
-35
What is the value of ((-9 - -4) + -17 - (-126 + 115)) + -1?
-12
Evaluate 24 - (1 + (-31 - -38)).
16
What is -2 + (2 - -2) + -106 - (103 - (-65 - -174))?
-98
What is the value of 40 + 109 + -58 + -43?
48
Calculate (-33 + 18 + -6 + -16 - 12) + 14.
-35
Calculate -81 + 73 - (0 + -4 + -1 - 50).
47
What is the value of 8 - (10 + -72 - -78)?
-8
101 - (-6 + 34 - 6) - 28
51
Evaluate 10 + (-248 - -203 - (-6 - (-7 - -4))).
-32
What is 7 + -26 + (-178 - -238 - (15 + -1))?
27
What is the value of (25 + -7 - 9) + -38 + (13 - 9) + 4?
-21
Calculate 23 - (-21 + 5 - 17).
56
Evaluate 32 + -35 + -27 + 34 + (-3 - -28).
29
What is the value of (13 + 4 - -53) + (2 - 5) + 33 + -36?
64
Calculate 6 - (-43 - -7) - (-13 + 14 - 3).
44
What is (28 - (-33 - -47)) + -5 + 7 + -14?
2
What is 10 - -5 - -11 - ((9 - 15) + 16 - 1)?
17
What is (-2 + 4 - (4 + -3)) + -72 + 2 + 4?
-65
What is -9 + 43 - 24 - (-3 + (4 - -15 - 1))?
-5
What is 3111 + -3121 - ((33 - (2 - (4 + -6))) + 2)?
-41
-15 + 7 - (-11 + 2 + 38)
-37
What is the value of (-147 - -43) + -24 + 59?
-69
What is the value of -13 + (122 - (-3 + 19)) + 15 + -34?
74
(11 - -17) + -55 + -20
-47
-99 + 101 + -73 + (13 - (-1 - 2))
-55
(0 - -37) + -2 + (2 - 169 - -158)
26
What is the value of 8 - (13 - (-178 + 108 - (-16 + -1)))?
-58
Evaluate -144 - -245 - 86 - (96 - (1 + -2)).
-82
Evaluate -17 + 40 + -49 - -80.
54
Evaluate -76 - ((0 - -7) + -1 - (707 + -695)).
-70
Evaluate 36 - 186 - (-47 - (-22 - -8)).
-117
3 + -4 + -65 - (12 - (-19 - (-4 + -38)))
-55
What is the value of (-1 - -15) + ((33 - 47) + 51 - (-3 + 29))?
25
1 + -1 + (1 - -1) - (-1120 + 552 - -564)
6
Evaluate (-29 - -58) + -45 + (13 - 2) - -117.
112
What is 19 + 9 - (50 - -4)?
-26
Evaluate -21 + (1 + 11 + -7 + 0 + -7 - 0).
-23
What is (1 - -2) + (7 - 27 - -34) + -24?
-7
Evaluate -19 + (-19 - -16) - 6 - (-2 - 7).
-19
Evaluate 4 + (7 - 26) + -6 + -3.
-24
What is the value of (37 + -62 - -63) + -48?
-10
-16 + 3 + 16 - 37
-34
Calculate (2 - 5) + 2367 + -2343 + 0 + 43 + 0.
64
Calculate 13 + 45 + 45 + (-18 - -2).
87
Calculate 66 - 62 - ((53 - -14) + (-3 - (-3 + 3))).
-60
Calculate (-8 - (-9 + -12) - 1) + (-40 - -15) - 50.
-63
Evaluate (5 + 11 - -3) + -68 + (9 - 2).
-42
Calculate -3 + (0 - (0 - -3) - -2) + -807 + 811.
0
What is -11 - (-1 + -9 - (-43 - (-79 - -47)))?
-12
What is 49 - 47 - (-2 - ((19 - 6) + -8 + -1))?
8
What is the value of (2 - 0 - 1 - (-1118 + 1125)) + 0?
-6
What is 13 + -15 + (0 - (-13 + 9)) + -58?
-56
(32 - 14) + (48 - (21 - 10))
55
What is 53 + (-56 - -30) + -7 + 4?
24
What is the value of -45 + (-43 + 29 - (-21 + -2)) + (2 - 2)?
-36
Evaluate -10 + -1 - (-22 - (74 - 196)).
-111
Evaluate -116 + (-136 + 192 - 26).
-86
22 + 247 - 143 - 119
7
What is -2 + 53 - (35 - 0 - (-645 - -693))?
64
What is the value of 3 + 13 + -36 + -1 + 12 - (2 + -5)?
-6
-2223 - -2232 - ((-58 - -1) + 3) - -19
82
-43 + 47 - ((22 - (-2 - -4)) + -103 + 98)
-11
Evaluate -1 + 35 + (-320 - -302) - -26.
42
Evaluate 41 - ((8 - (8 - 2)) + 1 - (-9 + 17)).
46
Evaluate (2 + 2 - ((-6 - 1) + 2)) + (-95 - -44).
-42
(695 - 643) + 2 + -65
-11
What is (8 - 1) + -16 + 48 + -29 - 13?
-3
Calculate -27 + 36 - (27 - 6).
-12
Calculate 15 + -12 + 3 + -24 + 4.
-14
Calculate -1 - -3 - ((-1 - (22 - 8)) + 9).
8
What is 1 - -36 - (398 + -374)?
13
(6 - (11 + (19 - 26))) + (45 - 6)
41
Evaluate 14 - 19 - (-19 + 55 + (-2 - (0 + -8))).
-47
What is (-164 - -327) + -150 - (1 - (-119 - (2 - 0)))?
-109
-5 + -5 - (442 - 427)
-25
239 + -252 + (1 + -3 - -6)
-9
What is the value of -486 - -523 - (-24 + 5 - -8)?
48
Evaluate -2 + (439 + -424 - (-104 + (4 - 5 - 1))).
119
Evaluate 32 - (18 - 15) - (6 - 2 - -7).
18
Calculate (77 + -95 - -44) + -57.
-31
Calculate 4 - ((-49 + 46 - (2 - 5)) + -10 + 7).
7
Evaluate (53 - 63) + 2 - (-59 - -5).
46
What is -10 - (-127 + 5 - (-16 + -21))?
75
Calculate (-10 - -2) + (32 + 5 - 40).
-11
What is 42 + -41 + -16 + 78 + -1?
62
Evaluate -12 - -30 - (127 + -46 + 19 + 9).
-91
What is the value of -23 + -4 - -60 - (-2 + -3)?
38
Calculate -3 + 43 + 8 + -4 + -14 + 0.
30
Calculate -36 + 23 + -61 + 50.
-24
Evaluate 70 - (11 + (-29 - -38)).
50
Calculate 14 + 81 + -122 + 28.
1
What is the value of 8 + 18 + 10 + -37 + 70?
69
What is -39 - -145 - (104 + 26)?
-24
What is the value of (-13 - (5 + -1 + (7 - 5))) + -4?
-23
Evaluate (-519 - -488) + (0 - -2 - 30).
-59
What is the value of -19 - (-8 + 9 + (10 - -1))?
-31
What is 37 + -86 - -83 - 137?
-103
What is (-13 - -1) + 100 + -86 + -35 + 4?
-29
Evaluate 12 + 1 + (-2 - -1) - (-24381 + 24401).
-8
What is 12 + (-13 - 1 - 3) + 16 - -29?
40
Evaluate 18 + -26 + 14 + 64.
70
What is the value of (72 - (-21 - -80)) + 1 + 0 + 14?
28
What is (8 - (80 + (11 - (16 + 5)))) + 8 - 9?
-63
Calculate -14 - (-18 - 14) - 54.
-36
What is -1 - -155 - (113 + -174 + 67)?
148
What is the value of -2 + -11 + (12 - 18) + 3 + -46?
-62
(11 + -10 - -10) + (5 - 0)
16
Evaluate (117 - 99) + (-1 - 2) + 5 - 5.
15
Evaluate -8 + 22 + -1 + -11 + 2 + -15 - 10.
-21
What is (8 - 7 - -18) + (32 - (14 + 4 - -4))?
29
What is -160 - (-313 - (11